be (-955640)/(-90) - (0 - (-2)/9). Suppose -7*d + 1345 = -s. Is d a composite number?
False
Suppose 0 = 2*r - 7*r + 20. Suppose 11*q - r*q = 2891. Is q prime?
False
Let g = 1232 - 691. Is g prime?
True
Let f(k) = k**2 + 2*k + 1. Let b be f(0). Is (2 - 1)/(b/487) composite?
False
Suppose -3*r + c + 12 = -83, 0 = 4*c + 20. Let f = r + -27. Suppose 5*p = 5*o - 1205, -3*o = -2*o - f*p - 245. Is o composite?
False
Let i(k) = -k + 11. Let v be i(6). Is 1823/v - (-8)/20 a composite number?
True
Let p(d) = 446*d**2 - 3*d + 4. Let z = 35 + -34. Is p(z) composite?
True
Let u(z) = -z**2 + z. Let i be u(1). Suppose i = -7*o + 4329 + 6374. Is o prime?
False
Suppose 46453 = 16*y + 11589. Is y composite?
False
Is ((-57)/(-12))/(-1)*-316 a composite number?
True
Let p be (1 + 2)/((-3)/(-111)). Let k = 200 - p. Is k a composite number?
False
Let r = 15 - 11. Let k = -12 + r. Let t(f) = f**2 + 6*f - 6. Is t(k) composite?
True
Let y be (-6 - (-20)/3)/((-2)/(-6)). Let v(t) = 272*t**3 + t**2 - 2*t - 5. Is v(y) a prime number?
False
Suppose 2*q - 486 = -4*p, -5*p = -3*q + 575 + 143. Let c = q - 36. Is c prime?
False
Let g(t) = 19*t**2 + 4*t + 7. Let n be g(-3). Is 5*5/50*n a prime number?
True
Let y be 3 - (156/6 + (4 - 2)). Let n(z) = -85*z**2 - 4*z - 2. Let w be n(-2). Is (-15)/y + w/(-10) a prime number?
False
Let i(b) be the second derivative of 17*b**4/12 + 3*b**3/2 - 5*b**2/2 - 13*b. Let f be i(-18). Let h = f + -3150. Is h a composite number?
True
Suppose 3*c - 15 = 0, 6*h = 10*h + 4*c - 31616. Is h a prime number?
False
Suppose -g + 3 + 0 = 0, -14 = -5*s + 2*g. Suppose -s*v - 138 = -v. Is -2 + 5/(-2)*v composite?
False
Suppose 0 = -5*b + 132 + 8. Let s = b + -12. Let a = -2 + s. Is a a composite number?
True
Let w(v) = -2*v - v**3 + 66 - v + 2*v + 83 - v**2. Let k be (-1 + 1)/(1 + 1). Is w(k) composite?
False
Suppose -4*u = 5*t - 8175, -u + 2043 = 7*t - 5*t. Is u a composite number?
True
Let b = 3 - 0. Let l(w) = 313*w**2 - 6*w + 5. Let d be l(3). Suppose -o = b*o - d. Is o a prime number?
True
Let o(q) be the second derivative of -244*q**3/3 + 13*q**2/2 - 35*q - 1. Is o(-3) composite?
True
Is (-249897)/(-21) + (-424)/(-371) a prime number?
False
Let i be 1/5 + (-133)/(-35). Suppose 3*z + 0*z + g - 8 = 0, -z = g - i. Is z composite?
False
Let q(r) = -r**3 - 7*r**2 - 5*r + 2. Let n be (22/(-6) + 2)*6. Let z = n + 3. Is q(z) composite?
False
Let s = 7347 - 4576. Is s composite?
True
Is -4*(12/30)/((-8)/23915) a prime number?
True
Let p(u) = 2*u**2 + 10*u - 10. Let s be p(-10). Suppose 4*r + s = 286. Is r a composite number?
True
Let j = -101 + 122. Is j a prime number?
False
Suppose 1061*g - 1070*g = 72. Let q(p) be the first derivative of -13*p**2/2 + 23*p + 1. Is q(g) a prime number?
True
Suppose -j - 9 = -4*w + 2*w, -5*w + 17 = 3*j. Is 518 + 1/(w/12) a composite number?
False
Let z be (-465)/(-90) + 2/(-12). Suppose z*v - 179 = 4*v. Is v a prime number?
True
Let g be 1 - (-1 + -5 + 0). Let c(d) = 11 + 4*d - 8*d**2 - d**3 + g*d - 12. Is c(-10) a composite number?
False
Let m = 38 - 26. Let b be 126/24 + 9/m. Is 356/b - 8/24 a prime number?
True
Let b = 993 + -373. Suppose b + 1273 = k. Is k composite?
True
Let q(x) = 3188*x**2 - 3*x - 12. Is q(-2) composite?
True
Suppose -v + 5*u = 4294 - 29816, 5*u = 2*v - 51029. Is v prime?
False
Let u be 14 + (-8)/(-2)*1. Suppose 5*o + u = 63. Is o prime?
False
Let l = 2641 - -8841. Is l a composite number?
True
Suppose -5*r = 5*v - 15, -4*r = v + 4*v - 9. Let l(b) = b - 3. Let m be l(r). Suppose t - 1 = 0, m*s - 361 = 2*t + 252. Is s prime?
False
Let p(b) = 0 + 155*b - 1 - 2 - 2. Is p(2) composite?
True
Let v(s) be the first derivative of 1 + 11*s + 1/4*s**4 + 14/3*s**3 + 0*s**2. Is v(-14) a prime number?
True
Let o be -1*(-4)/12*93. Let w = o + -156. Let z = w + 222. Is z a prime number?
True
Suppose 3*q - 45209 = -4*h, -201*h = -202*h - 5*q + 11298. Is h a composite number?
True
Suppose 0 = 5*c + 15, -4*g = -c + 5*c + 4. Suppose -5*x + 7 = -2*x + g*t, 2*x = -4*t - 6. Suppose l = x + 48. Is l prime?
True
Let q(y) = y**2 - 2*y + 1. Let t = 20 - 26. Is q(t) composite?
True
Let s = 2112 - 1205. Is s prime?
True
Suppose 71*k = 65*k + 25962. Is k a composite number?
False
Let i(b) = b + 7. Let p be i(-5). Let u(h) be the second derivative of 49*h**5/20 - h**4/12 + h**3/2 - 5*h**2/2 + 14*h + 2. Is u(p) prime?
True
Let f be 4/(-18) - (-376)/72. Suppose -f*p + 6*p = 251. Is p composite?
False
Let s = 1464 - -1311. Suppose -s = -6*p + 2271. Is p prime?
False
Suppose -13 + 1 = -12*f. Is f/4 + (7 - 18282/(-24)) prime?
True
Let b = 142071 + -83080. Is b prime?
True
Let n(v) = 6*v**2 + 4*v - 3. Let q(l) = -l**2 + l - 1. Let p(i) = -n(i) + 4*q(i). Let u be p(1). Let j(o) = o**2 + 6. Is j(u) a prime number?
True
Suppose 2*i = -56*i + 305138. Is i a composite number?
False
Suppose -4*n + 315 = -1409. Let t = n + -171. Suppose -8 = 2*i, 4*r = -3*i + t + 660. Is r a prime number?
True
Let t be (-41924)/(-44) - (-4)/22. Suppose -3*n = -4*n + t. Is n prime?
True
Suppose -7*c = -16*c + 27. Let v = 9 - 13. Is -2*(c - (-514)/v) a prime number?
True
Let n(u) = 460*u + 63. Is n(23) a prime number?
False
Let x be 2/(-4) - (-15)/6. Suppose -3*c = j - x*j, 2*c = 2*j - 4. Suppose j*q - a - 3356 = 0, -q - a - a = -1107. Is q composite?
False
Suppose 43*j = 45*j - 9746. Is j prime?
False
Suppose 126706 = 6*l + 25084. Suppose 5*i + p = 6*i - 3393, l = 5*i + 2*p. Is i composite?
False
Suppose 0 = 5*k + 25, -7*l + 5*l + 3*k = -773. Is l a prime number?
True
Let c = -2880 + 4243. Is c a composite number?
True
Let r = 1593 + -582. Suppose -8846 = -5*m - r. Is m prime?
True
Let x(k) = -3*k**3 - 3*k - 2. Let f be x(3). Let u be (f - -5)*20/6. Let h = u + 484. Is h prime?
False
Let h(i) = -345*i + 29. Suppose -53 - 25 = 13*v. Is h(v) a prime number?
True
Let k = -1631 + 3142. Is k a composite number?
False
Suppose 2*j + 8 = -6. Suppose 89 + 295 = 4*q. Let t = j + q. Is t composite?
False
Suppose 3*n - 2*j - 692 = -n, 5*j = -4*n + 692. Let u = 209 + n. Is u a composite number?
True
Let t(a) = 92*a**3 - a**2 + a. Let g be t(1). Let p = 152 - g. Let m = p - -14. Is m a prime number?
False
Let d(x) = x**2 - 15*x + 33377. Is d(0) a composite number?
False
Suppose -3*a = -2*b - 5, 3*b - 2*a - 5 + 0 = 0. Suppose -3*s = 2*w + w, -b*s + 4*w - 27 = 0. Is 1/(s - (-214)/71) prime?
True
Suppose 0 = q - 4*q - 57. Is q/(-4 - (3 - 6)) a composite number?
False
Is (-143778)/(-66) + (-18)/(-33) a composite number?
False
Let r(n) = 10*n**2 - 15. Let x be r(6). Let t = -17 + 21. Suppose t*g - x = g. Is g prime?
False
Let n be ((-2)/3)/((-2)/858). Let f = n - -277. Is f a prime number?
True
Suppose 4*t + t - 15 = 0. Suppose 346 = x - 5*f - 1302, 3317 = 2*x - t*f. Is x composite?
False
Suppose -3*c - 3*b = -17860 + 3718, -4*b = -3*c + 14163. Is c a prime number?
False
Let h = 356 + 2105. Is h composite?
True
Let h = 174 - 49. Suppose -3*d - 2*j = -24 - 8, 4*d - 51 = -j. Let o = d + h. Is o a composite number?
False
Suppose -18807 = 3*w - 2*t, -2*w + 2*t + 18795 = -5*w. Let g = -4216 - w. Is g prime?
False
Suppose -5*d = -g - 10920, 5*g - 6524 = -3*d - 0*d. Is d prime?
False
Let w = -18 - -17. Let v be w/(4 + 12858/(-3214)). Suppose -v = -t - 3*t - s, 0 = -3*s + 9. Is t a prime number?
True
Let n be ((-10)/(-2) - 6)/(1/(-5)). Suppose 0 = 6*i - n*i - 53. Is i a prime number?
True
Suppose -2*j + 145 = -7*j. Let n(v) = -2*v**3 - 8*v**2 + 2*v - 6. Let t be n(-6). Let b = t + j. Is b a composite number?
False
Suppose -3*m - z + 6 = 0, 2*m + 9 = -7*z + 2*z. Suppose -5*c = -5*k - 4275, 942 = 2*c - m*k - 772. Is c a composite number?
True
Let r(s) = -4*s**2 - 3*s - 4. Let o be r(-2). Let x(i) = 2*i**2 - 17*i - 34. Let d be x(o). Suppose -2*w + 0*w = 5*n - 745, -4*w - d = -4*n. Is n prime?
True
Let i be (-11)/33 + (-145)/(-3). Let t be (2 - i)*(-2)/(-4). Let d = t + 114. Is d prime?
False
Let a = 7055 - 2641. Is a composite?
True
Suppose -2*z + 4*z = -5*m - 250, -3*z - 3*m - 384 = 0. Let f = z + 381. Is f a prime number?
True
Let l(i) = 1327*i - 80. Is l(1) a composite number?
True
Let m = -5969 + 13540. Is m prime?
False
Let l = -10225 - -16128. Is l composite?
False
Let g = 106 - 100. Is (g/4)/((-84)/(-17192)) composite?
False
Let a = 1433 - -1093. Let z = -577 + a. Is z prime?
Tru